(-25)/(-75)). What is the greatest common factor of k and 230?
10
Let h be 0*2*3/6. Suppose -2*y + 243 + 207 = h. Calculate the greatest common factor of y and 25.
25
Let m = 3 - -29. What is the greatest common factor of m and 4?
4
Let q be (-1)/2 - (-49)/14. Suppose i = 3 - 1. Calculate the highest common divisor of q and i.
1
Suppose -3*g - 3*q = -36, -3*g - 9 = q - 39. Let n = g - 5. Calculate the highest common factor of n and 32.
4
Let w = -40 - -48. Calculate the greatest common divisor of 8 and w.
8
Let u(n) = 3*n - 29. Let k be u(10). Suppose 3 = 4*i - 13. What is the highest common divisor of k and i?
1
Suppose 14 = -0*b + b. What is the highest common factor of b and 7?
7
Suppose -6 = -5*l + 2*l. Suppose -5*n = -2*a - 34, -3*n + 5*n - 5*a = 22. Calculate the greatest common divisor of l and n.
2
Let a be (-6 + 15)/((-6)/(-4)). Let k = -6 - -15. Let d = 13 - k. What is the greatest common factor of a and d?
2
Let l = 3 + 3. Let d be 4 + 7 - (0 + -1). Calculate the highest common factor of d and l.
6
Suppose 3*y = 3*p - 21, -p - 2*y + 16 = 3*p. Suppose -2*l - p = 7. Let u be l/(-8) + (-7)/(-28). What is the highest common factor of u and 1?
1
Let v(k) = -k**2 + 7*k - 6. Let c be v(4). Suppose -117*b + 107*b = -300. Calculate the greatest common divisor of c and b.
6
Let z(x) = -3*x + 9. Let t be z(-7). Calculate the greatest common divisor of t and 40.
10
Let d(g) = -g**3 + 6*g**2 - g + 8. Let j be d(6). Let z = j + 11. Let n be (1 - 0)/1*143. What is the highest common divisor of n and z?
13
Suppose 0 = -5*z + 28 + 32. Suppose -o - z + 36 = 0. What is the greatest common divisor of o and 36?
12
Let j = 35 + 173. Let d = -46 - -72. What is the greatest common divisor of d and j?
26
Let i be (-2)/8 + 426/(-24). Let v = 35 - 3. Let z = i + v. Calculate the highest common factor of 35 and z.
7
Let k be (-8)/(-16) - 14/(-4). Suppose 0 = c + 3*i - 4, 4*c - i - 84 = k*i. Calculate the highest common divisor of 8 and c.
8
Suppose 61 = -7*r + 2*r + 4*d, 5*d - 20 = 0. Let q = r - -23. Calculate the greatest common divisor of 70 and q.
14
Suppose -2*b - 4*q + 30 = 0, 0*b - 3*q + 89 = 5*b. Suppose 3*x = 211 + 302. What is the highest common divisor of x and b?
19
Let f(r) = 3*r**2 + 6*r - 9. Let m be f(6). Calculate the greatest common factor of 27 and m.
27
Suppose -4*n + 24 + 13 = 5*w, -n + 3*w - 12 = 0. What is the highest common divisor of 1 and n?
1
Let a be (0 + -6)*(-2 - -1). Let i be 93/7 + a/(-21). Suppose y + 3*u - i = 0, 0*y - 4*u = -3*y + 26. Calculate the greatest common factor of y and 15.
5
Suppose 0*w + 4*w = 4*n + 16, 4*n + 10 = -2*w. Calculate the greatest common divisor of w and 5.
1
Suppose 2*b - 12 = -0*b. Let h(j) = j**2 + j + 30. Suppose -3*m - 6 = -2*r, 0 = 5*m + r - 1 - 2. Let f be h(m). Calculate the highest common factor of b and f.
6
Let k be -20*(-1 + (1 - 2)). What is the greatest common divisor of 60 and k?
20
Let t = -2 + 6. Suppose 0 = -t*q - 10 + 106. Suppose -3*a + q = 5*r, -5*a - 4*r + 30 = 3. What is the highest common divisor of 33 and a?
3
Suppose -8 = 2*x - 32. What is the highest common divisor of x and 12?
12
Suppose -1 = h, 0*v - 3*v + 4*h = -43. Suppose -3*r - 15 = 6. Let l = r + 111. Calculate the highest common factor of l and v.
13
Let n = 1 - -1. Let g be (n/4)/((-3)/(-72)). Let a = 253 + -181. What is the highest common factor of g and a?
12
Let y(v) = -v**2 + 3. Suppose 0*q + 2*a = 4*q - 2, -3*a = 3. Let g be y(q). Suppose 25 = 2*z + g*z. What is the greatest common factor of z and 15?
5
Let x be (-52)/2*(-3)/2. Let z = -21 + x. Suppose 0 = v + 2*l - 6, 5*v = 5*l - 10*l + 20. What is the highest common divisor of z and v?
2
Suppose -2*g + 0*g = -14. Suppose -4*d = 12, -5*t - 2*d + g = -6*d. Let x be 3 - 2 - (-2 - t). What is the highest common factor of 3 and x?
1
Let p = -12 - -21. Let q(n) = -6*n + 6. Let h(o) = -1. Let u(v) = -3*h(v) - q(v). Let b be u(5). Calculate the greatest common factor of b and p.
9
Let w = 11 - 6. Suppose 7*p - 5*v = 3*p + 56, w*p - 3*v - 57 = 0. Suppose q - 2*a = 3*a + 87, -q = -3*a - 81. What is the greatest common factor of p and q?
9
Let b be (-58)/(-6) - 1/(-3). Let u(v) = 3*v - 5. Let m be u(5). Calculate the greatest common divisor of m and b.
10
Let c(v) = -v**2 + 17*v - 3. Let k be c(11). Suppose 4 = 2*z - 38. What is the greatest common divisor of z and k?
21
Let s = -22 - -46. What is the highest common divisor of 12 and s?
12
Suppose 2 = 2*z - 2. Calculate the greatest common divisor of z and 2.
2
Suppose n - 6*n = -180. Let y(i) = i**3 - i**2 - i - 9. Let t be y(0). Let s = 21 + t. What is the highest common factor of s and n?
12
Let u be (-120)/(-9) + 2/(-6). Let w be (-6)/(-18) - 76/(-6). Calculate the highest common factor of u and w.
13
Suppose -36*i + 31*i = -135. Calculate the greatest common divisor of i and 36.
9
Suppose -2*q + 4*w = -46, -4*q - 2*w + 112 = -0*w. Calculate the highest common factor of 189 and q.
27
Suppose -8*q + 3*x + 137 = -3*q, -2*q + 3*x + 53 = 0. Suppose 4*p - 2*p - 10 = 0. Suppose -12 = -d - p. Calculate the greatest common divisor of q and d.
7
Let z(u) be the first derivative of u**3/3 + 7*u**2/2 + 14*u + 6. Let x be z(-10). Calculate the greatest common factor of 66 and x.
22
Let t = 0 - 1. Let n be t + (-4)/(4/47). Let o = -27 - n. What is the highest common factor of 14 and o?
7
Suppose -177 = -3*q + 3999. Let l be q/20 + (-2)/(-5). Calculate the highest common divisor of 14 and l.
14
Let h be (-3)/2 + 2 + 155/10. Calculate the highest common factor of h and 16.
16
Let p = 28 + 89. What is the greatest common divisor of 13 and p?
13
Let d(y) = y + 27. Let l be d(-8). Calculate the greatest common factor of 76 and l.
19
Suppose 8*w - 45 = 3*w. Let u be (3/w)/((-2)/(-108)). Calculate the highest common divisor of u and 9.
9
Let v = 298 + -137. Calculate the highest common divisor of 23 and v.
23
Suppose 0 = -3*d + 3. Let a = 2 + -12. Let y = -3 - a. What is the highest common factor of y and d?
1
Let p be (3 + 0)*(-4)/(-3). Suppose -p = -5*j + l + 1, 2*j + 2*l + 10 = 0. Suppose 5*h - 198 - 42 = j. What is the greatest common divisor of h and 12?
12
Let q(r) = 9*r - 1. Let u be q(1). Suppose 2*a - 4*a = -u. Let i = 8 - 4. Calculate the greatest common divisor of i and a.
4
Let j be 50*((-3)/6 - 0). Let r be 30/4*(-24)/10. Let b = r - j. Calculate the highest common factor of b and 63.
7
Let q(d) = 6*d**3 + 3*d**2 + d + 4. Let c be q(-3). Let m be (-6)/9 + c/(-3). What is the greatest common factor of 11 and m?
11
Suppose -3*v = 1 - 4. Let m be -200 - (-1 + v - 2). Let s be ((-4)/6)/(12/m). What is the highest common factor of s and 11?
11
Let w = 47 - 44. What is the highest common factor of 33 and w?
3
Let a be (-16)/(-9) + (-18)/(-81). Suppose 0 = -a*o - 10, -j - 5*o + 25 + 90 = 0. What is the highest common divisor of j and 35?
35
Let l(b) = -b - 4. Let s be l(-7). Let c be 38/4 + 1/2. Suppose 12 = -s*o, 5*p + 0*o = -5*o + c. Calculate the greatest common factor of p and 6.
6
Suppose 4*k - 23 = 109. Calculate the greatest common factor of 231 and k.
33
Let w = -14 - -9. Let d = w + 6. What is the greatest common factor of 5 and d?
1
Let w be (-3)/(-15)*5*13. What is the highest common factor of 39 and w?
13
Let o be 18656/110 + (-3)/5. What is the greatest common divisor of 13 and o?
13
Let p(m) = 3*m**3 - m**2 - 4*m. Let q be p(3). What is the highest common factor of 150 and q?
30
Suppose -42 = -0*g - g. Let n(p) = -2*p + 4. Let y be n(-5). What is the highest common divisor of y and g?
14
Let h be (45/(-12))/((-3)/104). What is the highest common factor of h and 26?
26
Let s be 3 + (27 - (-2 + 4)). Suppose 3*j + u = 12, -3*j + u = 2*j - s. Calculate the highest common factor of 5 and j.
5
Let g(m) = m**2 + 8*m + 2. Let b be g(-3). Let x(c) = 7*c. Let u be x(5). Let y = u - b. Calculate the greatest common factor of 12 and y.
12
Let r(h) = h**2 - 8*h + 5. Let f(a) = a + 3. Let i be f(5). Let v be r(i). Let d = 45 - 25. Calculate the greatest common factor of d and v.
5
Let l be (-860)/(-6) + 24/(-18) + 2. What is the highest common divisor of l and 16?
16
Let z be 12/(-16) + 62/8. Suppose -124 = -h - 3*h. Let u be (4 + h)*(-6)/(-10). What is the highest common factor of z and u?
7
Let x = 62 + -38. What is the hig